[INFO] cloning repository https://github.com/seanchen1991/parallel-conway
[INFO] running `Command { std: "git" "-c" "credential.helper=" "-c" "credential.helper=/workspace/cargo-home/bin/git-credential-null" "clone" "--bare" "https://github.com/seanchen1991/parallel-conway" "/workspace/cache/git-repos/https%3A%2F%2Fgithub.com%2Fseanchen1991%2Fparallel-conway", kill_on_drop: false }`
[INFO] [stderr] Cloning into bare repository '/workspace/cache/git-repos/https%3A%2F%2Fgithub.com%2Fseanchen1991%2Fparallel-conway'...
[INFO] running `Command { std: "git" "rev-parse" "HEAD", kill_on_drop: false }`
[INFO] [stdout] 2a0f6882ba5a6bceeef9fa0ef3eedff17f98653c
[INFO] checking seanchen1991/parallel-conway against try#72f88fc4e9458f89516a0b8b0868f3718aec5b47 for pr-74989
[INFO] running `Command { std: "git" "clone" "/workspace/cache/git-repos/https%3A%2F%2Fgithub.com%2Fseanchen1991%2Fparallel-conway" "/workspace/builds/worker-8/source", kill_on_drop: false }`
[INFO] [stderr] Cloning into '/workspace/builds/worker-8/source'...
[INFO] [stderr] done.
[INFO] validating manifest of git repo https://github.com/seanchen1991/parallel-conway on toolchain 72f88fc4e9458f89516a0b8b0868f3718aec5b47
[INFO] running `Command { std: "/workspace/cargo-home/bin/cargo" "+72f88fc4e9458f89516a0b8b0868f3718aec5b47" "read-manifest" "--manifest-path" "Cargo.toml", kill_on_drop: false }`
[INFO] started tweaking git repo https://github.com/seanchen1991/parallel-conway
[INFO] finished tweaking git repo https://github.com/seanchen1991/parallel-conway
[INFO] tweaked toml for git repo https://github.com/seanchen1991/parallel-conway written to /workspace/builds/worker-8/source/Cargo.toml
[INFO] crate git repo https://github.com/seanchen1991/parallel-conway already has a lockfile, it will not be regenerated
[INFO] running `Command { std: "/workspace/cargo-home/bin/cargo" "+72f88fc4e9458f89516a0b8b0868f3718aec5b47" "fetch" "--locked" "--manifest-path" "Cargo.toml", kill_on_drop: false }`
[INFO] [stderr]     Blocking waiting for file lock on package cache
[INFO] [stderr]     Updating crates.io index
[INFO] [stderr] error: the lock file /workspace/builds/worker-8/source/Cargo.lock needs to be updated but --locked was passed to prevent this
[INFO] [stderr] If you want to try to generate the lock file without accessing the network, use the --offline flag.
[INFO] the lockfile is outdated, regenerating it
[INFO] running `Command { std: "/workspace/cargo-home/bin/cargo" "+72f88fc4e9458f89516a0b8b0868f3718aec5b47" "generate-lockfile" "--manifest-path" "Cargo.toml" "-Zno-index-update", kill_on_drop: false }`
[INFO] [stderr]     Blocking waiting for file lock on package cache
[INFO] running `Command { std: "/workspace/cargo-home/bin/cargo" "+72f88fc4e9458f89516a0b8b0868f3718aec5b47" "fetch" "--locked" "--manifest-path" "Cargo.toml", kill_on_drop: false }`
[INFO] [stderr]     Blocking waiting for file lock on package cache
[INFO] [stderr]  Downloading crates ...
[INFO] [stderr]   Downloaded owning_ref v0.4.1
[INFO] [stderr]   Downloaded downcast-rs v1.2.0
[INFO] [stderr]   Downloaded xml-rs v0.8.3
[INFO] [stderr]   Downloaded piston2d-graphics v0.28.0
[INFO] [stderr]   Downloaded pistoncore-input v0.23.0
[INFO] [stderr]   Downloaded dlib v0.4.2
[INFO] [stderr]   Downloaded winit v0.18.1
[INFO] [stderr]   Downloaded libloading v0.6.3
[INFO] [stderr]   Downloaded piston v0.39.0
[INFO] [stderr]   Downloaded pistoncore-window v0.34.0
[INFO] [stderr]   Downloaded pistoncore-glutin_window v0.51.1
[INFO] [stderr]   Downloaded ordered-float v1.1.0
[INFO] [stderr]   Downloaded tiff v0.2.2
[INFO] [stderr]   Downloaded glutin v0.19.0
[INFO] [stderr]   Downloaded piston-viewport v0.5.0
[INFO] [stderr]   Downloaded pistoncore-event_loop v0.39.0
[INFO] [stderr]   Downloaded piston2d-opengl_graphics v0.57.0
[INFO] running `Command { std: "docker" "create" "-v" "/var/lib/crater-agent-workspace/builds/worker-8/target:/opt/rustwide/target:rw,Z" "-v" "/var/lib/crater-agent-workspace/builds/worker-8/source:/opt/rustwide/workdir:ro,Z" "-v" "/var/lib/crater-agent-workspace/cargo-home:/opt/rustwide/cargo-home:ro,Z" "-v" "/var/lib/crater-agent-workspace/rustup-home:/opt/rustwide/rustup-home:ro,Z" "-e" "SOURCE_DIR=/opt/rustwide/workdir" "-e" "CARGO_TARGET_DIR=/opt/rustwide/target" "-e" "CARGO_HOME=/opt/rustwide/cargo-home" "-e" "RUSTUP_HOME=/opt/rustwide/rustup-home" "-w" "/opt/rustwide/workdir" "-m" "1610612736" "--user" "0:0" "--network" "none" "rustops/crates-build-env@sha256:d92eaeed33fa75130ca1ee6c8a01d1ffb62bac859dfdfb3450e3e5d1c0146529" "/opt/rustwide/cargo-home/bin/cargo" "+72f88fc4e9458f89516a0b8b0868f3718aec5b47" "metadata" "--no-deps" "--format-version=1", kill_on_drop: false }`
[INFO] [stdout] 1328561ebff09ce4dce113e84217d88dd27d3a37aa7b2db22d0d5a9f2a05c8c6
[INFO] [stderr] WARNING: Your kernel does not support swap limit capabilities or the cgroup is not mounted. Memory limited without swap.
[INFO] running `Command { std: "docker" "start" "-a" "1328561ebff09ce4dce113e84217d88dd27d3a37aa7b2db22d0d5a9f2a05c8c6", kill_on_drop: false }`
[INFO] running `Command { std: "docker" "inspect" "1328561ebff09ce4dce113e84217d88dd27d3a37aa7b2db22d0d5a9f2a05c8c6", kill_on_drop: false }`
[INFO] running `Command { std: "docker" "rm" "-f" "1328561ebff09ce4dce113e84217d88dd27d3a37aa7b2db22d0d5a9f2a05c8c6", kill_on_drop: false }`
[INFO] [stdout] 1328561ebff09ce4dce113e84217d88dd27d3a37aa7b2db22d0d5a9f2a05c8c6
[INFO] running `Command { std: "docker" "create" "-v" "/var/lib/crater-agent-workspace/builds/worker-8/target:/opt/rustwide/target:rw,Z" "-v" "/var/lib/crater-agent-workspace/builds/worker-8/source:/opt/rustwide/workdir:ro,Z" "-v" "/var/lib/crater-agent-workspace/cargo-home:/opt/rustwide/cargo-home:ro,Z" "-v" "/var/lib/crater-agent-workspace/rustup-home:/opt/rustwide/rustup-home:ro,Z" "-e" "SOURCE_DIR=/opt/rustwide/workdir" "-e" "CARGO_TARGET_DIR=/opt/rustwide/target" "-e" "CARGO_INCREMENTAL=0" "-e" "RUST_BACKTRACE=full" "-e" "RUSTFLAGS=--cap-lints=forbid" "-e" "CARGO_HOME=/opt/rustwide/cargo-home" "-e" "RUSTUP_HOME=/opt/rustwide/rustup-home" "-w" "/opt/rustwide/workdir" "-m" "1610612736" "--user" "0:0" "--network" "none" "rustops/crates-build-env@sha256:d92eaeed33fa75130ca1ee6c8a01d1ffb62bac859dfdfb3450e3e5d1c0146529" "/opt/rustwide/cargo-home/bin/cargo" "+72f88fc4e9458f89516a0b8b0868f3718aec5b47" "check" "--frozen" "--all" "--all-targets" "--message-format=json", kill_on_drop: false }`
[INFO] [stdout] 79cc39b42d039def4f06384913ae70249b400680f15c126487c08740fdea2717
[INFO] [stderr] WARNING: Your kernel does not support swap limit capabilities or the cgroup is not mounted. Memory limited without swap.
[INFO] running `Command { std: "docker" "start" "-a" "79cc39b42d039def4f06384913ae70249b400680f15c126487c08740fdea2717", kill_on_drop: false }`
[INFO] [stderr]    Compiling maybe-uninit v2.0.0
[INFO] [stderr]    Compiling syn v1.0.41
[INFO] [stderr]    Compiling cfg-if v0.1.10
[INFO] [stderr]    Compiling nix v0.14.1
[INFO] [stderr]     Checking piston-float v0.3.0
[INFO] [stderr]     Checking same-file v1.0.6
[INFO] [stderr]     Checking stable_deref_trait v1.2.0
[INFO] [stderr]    Compiling num-derive v0.2.5
[INFO] [stderr]     Checking shader_version v0.3.0
[INFO] [stderr]     Checking percent-encoding v1.0.1
[INFO] [stderr]     Checking interpolation v0.1.0
[INFO] [stderr]     Checking piston-texture v0.6.0
[INFO] [stderr]     Checking read_color v1.0.0
[INFO] [stderr]     Checking piston-shaders_graphics2d v0.3.1
[INFO] [stderr]    Compiling crossbeam-utils v0.7.2
[INFO] [stderr]    Compiling memoffset v0.5.5
[INFO] [stderr]    Compiling crossbeam-epoch v0.8.2
[INFO] [stderr]    Compiling num-integer v0.1.43
[INFO] [stderr]    Compiling rayon v1.4.0
[INFO] [stderr]    Compiling num-rational v0.2.4
[INFO] [stderr]    Compiling miniz_oxide v0.4.2
[INFO] [stderr]    Compiling rand_chacha v0.1.1
[INFO] [stderr]    Compiling rand_pcg v0.1.2
[INFO] [stderr]    Compiling rand v0.6.5
[INFO] [stderr]    Compiling x11-dl v2.18.5
[INFO] [stderr]     Checking inflate v0.4.5
[INFO] [stderr]     Checking gif v0.10.3
[INFO] [stderr]     Checking owning_ref v0.4.1
[INFO] [stderr]     Checking piston-viewport v0.5.0
[INFO] [stderr]     Checking vecmath v0.3.1
[INFO] [stderr]     Checking walkdir v2.3.1
[INFO] [stderr]    Compiling log v0.4.11
[INFO] [stderr]     Checking libloading v0.6.3
[INFO] [stderr]     Checking rand_os v0.1.3
[INFO] [stderr]     Checking num_cpus v1.13.0
[INFO] [stderr]     Checking memmap v0.7.0
[INFO] [stderr]     Checking shared_library v0.1.9
[INFO] [stderr]     Checking stb_truetype v0.3.1
[INFO] [stderr]     Checking deflate v0.7.20
[INFO] [stderr]     Checking lock_api v0.1.5
[INFO] [stderr]    Compiling parking_lot_core v0.4.0
[INFO] [stderr]     Checking ordered-float v1.1.0
[INFO] [stderr]     Checking approx v0.3.2
[INFO] [stderr]     Checking line_drawing v0.7.0
[INFO] [stderr]    Compiling wayland-scanner v0.21.13
[INFO] [stderr]     Checking dlib v0.4.2
[INFO] [stderr]     Checking osmesa-sys v0.1.2
[INFO] [stderr]    Compiling gl_generator v0.10.0
[INFO] [stderr]     Checking smallvec v0.6.13
[INFO] [stderr]     Checking wayland-sys v0.21.13
[INFO] [stderr]     Checking rusttype v0.8.3
[INFO] [stderr]     Checking crossbeam-channel v0.4.4
[INFO] [stderr]     Checking backtrace v0.3.50
[INFO] [stderr]     Checking rusttype v0.7.9
[INFO] [stderr]     Checking num-iter v0.1.41
[INFO] [stderr]     Checking crossbeam-deque v0.7.3
[INFO] [stderr]     Checking andrew v0.2.1
[INFO] [stderr]     Checking piston2d-graphics v0.28.0
[INFO] [stderr]     Checking png v0.12.0
[INFO] [stderr]     Checking rayon-core v1.8.0
[INFO] [stderr]    Compiling gl v0.11.0
[INFO] [stderr]    Compiling glutin v0.19.0
[INFO] [stderr]     Checking parking_lot v0.7.1
[INFO] [stderr]    Compiling wayland-client v0.21.13
[INFO] [stderr]    Compiling wayland-protocols v0.21.13
[INFO] [stderr]     Checking wayland-commons v0.21.13
[INFO] [stderr]     Checking tiff v0.2.2
[INFO] [stderr]    Compiling synstructure v0.12.4
[INFO] [stderr]    Compiling serde_derive v1.0.116
[INFO] [stderr]    Compiling failure_derive v0.1.8
[INFO] [stderr]     Checking jpeg-decoder v0.1.20
[INFO] [stderr]     Checking image v0.20.1
[INFO] [stderr]     Checking failure v0.1.8
[INFO] [stderr]     Checking piston2d-opengl_graphics v0.57.0
[INFO] [stderr]     Checking smithay-client-toolkit v0.4.6
[INFO] [stderr]     Checking pistoncore-input v0.23.0
[INFO] [stderr]     Checking winit v0.18.1
[INFO] [stderr]     Checking pistoncore-window v0.34.0
[INFO] [stderr]     Checking pistoncore-event_loop v0.39.0
[INFO] [stderr]     Checking piston v0.39.0
[INFO] [stderr]     Checking pistoncore-glutin_window v0.51.1
[INFO] [stderr]     Checking parallel-conway v0.1.0 (/opt/rustwide/workdir)
[INFO] [stdout] error: expected identifier, found keyword `let`
[INFO] [stdout]   --> src/main.rs:22:9
[INFO] [stdout]    |
[INFO] [stdout] 22 |     let let Err(error) = run() {
[INFO] [stdout]    |         ^^^ expected identifier, found keyword
[INFO] [stdout] 
[INFO] [stdout] 
[INFO] [stdout] error: expected one of `:`, `;`, `=`, `@`, or `|`, found `Err`
[INFO] [stdout]   --> src/main.rs:22:13
[INFO] [stdout]    |
[INFO] [stdout] 22 |     let let Err(error) = run() {
[INFO] [stdout]    |             ^^^ expected one of `:`, `;`, `=`, `@`, or `|`
[INFO] [stdout] 
[INFO] [stdout] 
[INFO] [stdout] error: expected identifier, found keyword `let`
[INFO] [stdout]   --> src/main.rs:22:9
[INFO] [stdout]    |
[INFO] [stdout] 22 |     let let Err(error) = run() {
[INFO] [stdout]    |         ^^^ expected identifier, found keyword
[INFO] [stdout] 
[INFO] [stdout] 
[INFO] [stdout] error: expected one of `:`, `;`, `=`, `@`, or `|`, found `Err`
[INFO] [stdout]   --> src/main.rs:22:13
[INFO] [stdout]    |
[INFO] [stdout] 22 |     let let Err(error) = run() {
[INFO] [stdout]    |             ^^^ expected one of `:`, `;`, `=`, `@`, or `|`
[INFO] [stdout] 
[INFO] [stdout] 
[INFO] [stdout] error: expected expression, found `.`
[INFO] [stdout]   --> src/life.rs:73:22
[INFO] [stdout]    |
[INFO] [stdout] 73 |                 match.rng.gen() {
[INFO] [stdout]    |                 -----^ expected expression
[INFO] [stdout]    |                 |
[INFO] [stdout]    |                 while parsing this match expression
[INFO] [stdout] 
[INFO] [stdout] 
[INFO] [stdout] error: expected expression, found `.`
[INFO] [stdout]   --> src/life.rs:73:22
[INFO] [stdout]    |
[INFO] [stdout] 73 |                 match.rng.gen() {
[INFO] [stdout]    |                 -----^ expected expression
[INFO] [stdout]    |                 |
[INFO] [stdout]    |                 while parsing this match expression
[INFO] [stdout] 
[INFO] [stdout] 
[INFO] [stdout] error[E0432]: unresolved import `sdl2_window`
[INFO] [stdout]  --> src/main.rs:7:5
[INFO] [stdout]   |
[INFO] [stdout] 7 | use sdl2_window::Sdl2Window as Window;
[INFO] [stdout]   |     ^^^^^^^^^^^ use of undeclared type or module `sdl2_window`
[INFO] [stdout] 
[INFO] [stdout] 
[INFO] [stdout] error[E0424]: expected value, found module `self`
[INFO] [stdout]   --> src/life.rs:38:29
[INFO] [stdout]    |
[INFO] [stdout] 31 |     fn new_with_custom_rules(
[INFO] [stdout]    |        --------------------- this function doesn't have a `self` parameter
[INFO] [stdout] ...
[INFO] [stdout] 38 |         let new_cells = (0..self.len())
[INFO] [stdout]    |                             ^^^^ `self` value is a keyword only available in methods with a `self` parameter
[INFO] [stdout]    |
[INFO] [stdout] help: add a `self` receiver parameter to make the associated `fn` a method
[INFO] [stdout]    |
[INFO] [stdout] 32 |         &self, rows: usize,
[INFO] [stdout]    |         ^^^^^^
[INFO] [stdout] 
[INFO] [stdout] 
[INFO] [stdout] warning: unused import: `ResultExt`
[INFO] [stdout]  --> src/main.rs:1:22
[INFO] [stdout]   |
[INFO] [stdout] 1 | use failure::{Error, ResultExt};
[INFO] [stdout]   |                      ^^^^^^^^^
[INFO] [stdout]   |
[INFO] [stdout]   = note: `#[warn(unused_imports)]` on by default
[INFO] [stdout] 
[INFO] [stdout] 
[INFO] [stdout] warning: unused import: `piston::input::*`
[INFO] [stdout]  --> src/main.rs:4:5
[INFO] [stdout]   |
[INFO] [stdout] 4 | use piston::input::*;
[INFO] [stdout]   |     ^^^^^^^^^^^^^^^^
[INFO] [stdout] 
[INFO] [stdout] 
[INFO] [stdout] warning: unused import: `piston::event_loop::*`
[INFO] [stdout]  --> src/main.rs:5:5
[INFO] [stdout]   |
[INFO] [stdout] 5 | use piston::event_loop::*;
[INFO] [stdout]   |     ^^^^^^^^^^^^^^^^^^^^^
[INFO] [stdout] 
[INFO] [stdout] 
[INFO] [stdout] warning: unused import: `piston::window::WindowSettings`
[INFO] [stdout]  --> src/main.rs:6:5
[INFO] [stdout]   |
[INFO] [stdout] 6 | use piston::window::WindowSettings;
[INFO] [stdout]   |     ^^^^^^^^^^^^^^^^^^^^^^^^^^^^^^
[INFO] [stdout] 
[INFO] [stdout] 
[INFO] [stdout] warning: unused import: `std::fmt`
[INFO] [stdout]  --> src/life.rs:3:5
[INFO] [stdout]   |
[INFO] [stdout] 3 | use std::fmt;
[INFO] [stdout]   |     ^^^^^^^^
[INFO] [stdout] 
[INFO] [stdout] 
[INFO] [stdout] warning: unused import: `std::iter`
[INFO] [stdout]  --> src/life.rs:4:5
[INFO] [stdout]   |
[INFO] [stdout] 4 | use std::iter;
[INFO] [stdout]   |     ^^^^^^^^^
[INFO] [stdout] 
[INFO] [stdout] 
[INFO] [stdout] warning: unused imports: `Rng`, `thread_rng`
[INFO] [stdout]  --> src/life.rs:7:12
[INFO] [stdout]   |
[INFO] [stdout] 7 | use rand::{Rng, thread_rng};
[INFO] [stdout]   |            ^^^  ^^^^^^^^^^
[INFO] [stdout] 
[INFO] [stdout] 
[INFO] [stdout] error[E0432]: unresolved import `sdl2_window`
[INFO] [stdout]  --> src/main.rs:7:5
[INFO] [stdout]   |
[INFO] [stdout] 7 | use sdl2_window::Sdl2Window as Window;
[INFO] [stdout]   |     ^^^^^^^^^^^ use of undeclared type or module `sdl2_window`
[INFO] [stdout] 
[INFO] [stdout] 
[INFO] [stdout] error[E0424]: expected value, found module `self`
[INFO] [stdout]   --> src/life.rs:38:29
[INFO] [stdout]    |
[INFO] [stdout] 31 |     fn new_with_custom_rules(
[INFO] [stdout]    |        --------------------- this function doesn't have a `self` parameter
[INFO] [stdout] ...
[INFO] [stdout] 38 |         let new_cells = (0..self.len())
[INFO] [stdout]    |                             ^^^^ `self` value is a keyword only available in methods with a `self` parameter
[INFO] [stdout]    |
[INFO] [stdout] help: add a `self` receiver parameter to make the associated `fn` a method
[INFO] [stdout]    |
[INFO] [stdout] 32 |         &self, rows: usize,
[INFO] [stdout]    |         ^^^^^^
[INFO] [stdout] 
[INFO] [stdout] 
[INFO] [stdout] warning: unused import: `ResultExt`
[INFO] [stdout]  --> src/main.rs:1:22
[INFO] [stdout]   |
[INFO] [stdout] 1 | use failure::{Error, ResultExt};
[INFO] [stdout]   |                      ^^^^^^^^^
[INFO] [stdout]   |
[INFO] [stdout]   = note: `#[warn(unused_imports)]` on by default
[INFO] [stdout] 
[INFO] [stdout] 
[INFO] [stdout] warning: unused import: `piston::input::*`
[INFO] [stdout]  --> src/main.rs:4:5
[INFO] [stdout]   |
[INFO] [stdout] 4 | use piston::input::*;
[INFO] [stdout]   |     ^^^^^^^^^^^^^^^^
[INFO] [stdout] 
[INFO] [stdout] 
[INFO] [stdout] warning: unused import: `piston::event_loop::*`
[INFO] [stdout]  --> src/main.rs:5:5
[INFO] [stdout]   |
[INFO] [stdout] 5 | use piston::event_loop::*;
[INFO] [stdout]   |     ^^^^^^^^^^^^^^^^^^^^^
[INFO] [stdout] 
[INFO] [stdout] 
[INFO] [stdout] warning: unused import: `piston::window::WindowSettings`
[INFO] [stdout]  --> src/main.rs:6:5
[INFO] [stdout]   |
[INFO] [stdout] 6 | use piston::window::WindowSettings;
[INFO] [stdout]   |     ^^^^^^^^^^^^^^^^^^^^^^^^^^^^^^
[INFO] [stdout] 
[INFO] [stdout] 
[INFO] [stdout] warning: unused import: `std::fmt`
[INFO] [stdout]  --> src/life.rs:3:5
[INFO] [stdout]   |
[INFO] [stdout] 3 | use std::fmt;
[INFO] [stdout]   |     ^^^^^^^^
[INFO] [stdout] 
[INFO] [stdout] 
[INFO] [stdout] warning: unused import: `std::iter`
[INFO] [stdout]  --> src/life.rs:4:5
[INFO] [stdout]   |
[INFO] [stdout] 4 | use std::iter;
[INFO] [stdout]   |     ^^^^^^^^^
[INFO] [stdout] 
[INFO] [stdout] 
[INFO] [stdout] warning: unused imports: `Rng`, `thread_rng`
[INFO] [stdout]  --> src/life.rs:7:12
[INFO] [stdout]   |
[INFO] [stdout] 7 | use rand::{Rng, thread_rng};
[INFO] [stdout]   |            ^^^  ^^^^^^^^^^
[INFO] [stdout] 
[INFO] [stdout] 
[INFO] [stdout] error[E0308]: mismatched types
[INFO] [stdout]   --> src/main.rs:36:13
[INFO] [stdout]    |
[INFO] [stdout] 36 | fn run() -> Result<(), Error> {
[INFO] [stdout]    |    ---      ^^^^^^^^^^^^^^^^^ expected enum `std::result::Result`, found `()`
[INFO] [stdout]    |    |
[INFO] [stdout]    |    implicitly returns `()` as its body has no tail or `return` expression
[INFO] [stdout]    |
[INFO] [stdout]    = note:   expected enum `std::result::Result<(), failure::Error>`
[INFO] [stdout]            found unit type `()`
[INFO] [stdout] 
[INFO] [stdout] 
[INFO] [stdout] error[E0308]: mismatched types
[INFO] [stdout]   --> src/main.rs:36:13
[INFO] [stdout]    |
[INFO] [stdout] 36 | fn run() -> Result<(), Error> {
[INFO] [stdout]    |    ---      ^^^^^^^^^^^^^^^^^ expected enum `std::result::Result`, found `()`
[INFO] [stdout]    |    |
[INFO] [stdout]    |    implicitly returns `()` as its body has no tail or `return` expression
[INFO] [stdout]    |
[INFO] [stdout]    = note:   expected enum `std::result::Result<(), failure::Error>`
[INFO] [stdout]            found unit type `()`
[INFO] [stdout] 
[INFO] [stdout] 
[INFO] [stdout] error[E0599]: no method named `into_par_iter` found for struct `std::ops::Range<{integer}>` in the current scope
[INFO] [stdout]   --> src/life.rs:39:14
[INFO] [stdout]    |
[INFO] [stdout] 39 |             .into_par_iter()
[INFO] [stdout]    |              ^^^^^^^^^^^^^ method not found in `std::ops::Range<{integer}>`
[INFO] [stdout]    |
[INFO] [stdout]    = help: items from traits can only be used if the trait is in scope
[INFO] [stdout]    = note: the following trait is implemented but not in scope; perhaps add a `use` for it:
[INFO] [stdout]            `use rayon::iter::IntoParallelIterator;`
[INFO] [stdout] 
[INFO] [stdout] 
[INFO] [stdout] error[E0560]: struct `Board` has no field named `width`
[INFO] [stdout]   --> src/life.rs:60:13
[INFO] [stdout]    |
[INFO] [stdout] 60 |             width: self.width,
[INFO] [stdout]    |             ^^^^^ `Board` does not have this field
[INFO] [stdout]    |
[INFO] [stdout]    = note: available fields are: `cells`, `rows`, `cols`, `survive`, `born`
[INFO] [stdout] 
[INFO] [stdout] 
[INFO] [stdout] error[E0615]: attempted to take value of method `width` on type `&Board`
[INFO] [stdout]   --> src/life.rs:60:25
[INFO] [stdout]    |
[INFO] [stdout] 60 |             width: self.width,
[INFO] [stdout]    |                         ^^^^^ method, not a field
[INFO] [stdout]    |
[INFO] [stdout] help: use parentheses to call the method
[INFO] [stdout]    |
[INFO] [stdout] 60 |             width: self.width(),
[INFO] [stdout]    |                              ^^
[INFO] [stdout] 
[INFO] [stdout] 
[INFO] [stdout] error[E0560]: struct `Board` has no field named `height`
[INFO] [stdout]   --> src/life.rs:61:13
[INFO] [stdout]    |
[INFO] [stdout] 61 |             height: self.height,
[INFO] [stdout]    |             ^^^^^^ `Board` does not have this field
[INFO] [stdout]    |
[INFO] [stdout]    = note: available fields are: `cells`, `rows`, `cols`, `survive`, `born`
[INFO] [stdout] 
[INFO] [stdout] 
[INFO] [stdout] error[E0615]: attempted to take value of method `height` on type `&Board`
[INFO] [stdout]   --> src/life.rs:61:26
[INFO] [stdout]    |
[INFO] [stdout] 61 |             height: self.height,
[INFO] [stdout]    |                          ^^^^^^ method, not a field
[INFO] [stdout]    |
[INFO] [stdout] help: use parentheses to call the method
[INFO] [stdout]    |
[INFO] [stdout] 61 |             height: self.height(),
[INFO] [stdout]    |                                ^^
[INFO] [stdout] 
[INFO] [stdout] 
[INFO] [stdout] error[E0599]: no method named `into_par_iter` found for struct `std::ops::Range<{integer}>` in the current scope
[INFO] [stdout]   --> src/life.rs:39:14
[INFO] [stdout]    |
[INFO] [stdout] 39 |             .into_par_iter()
[INFO] [stdout]    |              ^^^^^^^^^^^^^ method not found in `std::ops::Range<{integer}>`
[INFO] [stdout]    |
[INFO] [stdout]    = help: items from traits can only be used if the trait is in scope
[INFO] [stdout]    = note: the following trait is implemented but not in scope; perhaps add a `use` for it:
[INFO] [stdout]            `use rayon::iter::IntoParallelIterator;`
[INFO] [stdout] 
[INFO] [stdout] 
[INFO] [stdout] error[E0560]: struct `Board` has no field named `width`
[INFO] [stdout]   --> src/life.rs:60:13
[INFO] [stdout]    |
[INFO] [stdout] 60 |             width: self.width,
[INFO] [stdout]    |             ^^^^^ `Board` does not have this field
[INFO] [stdout]    |
[INFO] [stdout]    = note: available fields are: `cells`, `rows`, `cols`, `survive`, `born`
[INFO] [stdout] 
[INFO] [stdout] 
[INFO] [stdout] error[E0615]: attempted to take value of method `width` on type `&Board`
[INFO] [stdout]   --> src/life.rs:60:25
[INFO] [stdout]    |
[INFO] [stdout] 60 |             width: self.width,
[INFO] [stdout]    |                         ^^^^^ method, not a field
[INFO] [stdout]    |
[INFO] [stdout] help: use parentheses to call the method
[INFO] [stdout]    |
[INFO] [stdout] 60 |             width: self.width(),
[INFO] [stdout]    |                              ^^
[INFO] [stdout] 
[INFO] [stdout] 
[INFO] [stdout] error[E0560]: struct `Board` has no field named `height`
[INFO] [stdout]   --> src/life.rs:61:13
[INFO] [stdout]    |
[INFO] [stdout] 61 |             height: self.height,
[INFO] [stdout]    |             ^^^^^^ `Board` does not have this field
[INFO] [stdout]    |
[INFO] [stdout]    = note: available fields are: `cells`, `rows`, `cols`, `survive`, `born`
[INFO] [stdout] 
[INFO] [stdout] 
[INFO] [stdout] error[E0615]: attempted to take value of method `height` on type `&Board`
[INFO] [stdout]   --> src/life.rs:61:26
[INFO] [stdout]    |
[INFO] [stdout] 61 |             height: self.height,
[INFO] [stdout]    |                          ^^^^^^ method, not a field
[INFO] [stdout]    |
[INFO] [stdout] help: use parentheses to call the method
[INFO] [stdout]    |
[INFO] [stdout] 61 |             height: self.height(),
[INFO] [stdout]    |                                ^^
[INFO] [stdout] 
[INFO] [stdout] 
[INFO] [stdout] error[E0599]: no method named `into_par_iter` found for struct `std::ops::Range<usize>` in the current scope
[INFO] [stdout]   --> src/life.rs:71:14
[INFO] [stdout]    |
[INFO] [stdout] 71 |             .into_par_iter()
[INFO] [stdout]    |              ^^^^^^^^^^^^^ method not found in `std::ops::Range<usize>`
[INFO] [stdout]    |
[INFO] [stdout]    = help: items from traits can only be used if the trait is in scope
[INFO] [stdout]    = note: the following trait is implemented but not in scope; perhaps add a `use` for it:
[INFO] [stdout]            `use rayon::iter::IntoParallelIterator;`
[INFO] [stdout] 
[INFO] [stdout] 
[INFO] [stdout] error[E0599]: no method named `into_par_iter` found for struct `std::ops::Range<usize>` in the current scope
[INFO] [stdout]   --> src/life.rs:71:14
[INFO] [stdout]    |
[INFO] [stdout] 71 |             .into_par_iter()
[INFO] [stdout]    |              ^^^^^^^^^^^^^ method not found in `std::ops::Range<usize>`
[INFO] [stdout]    |
[INFO] [stdout]    = help: items from traits can only be used if the trait is in scope
[INFO] [stdout]    = note: the following trait is implemented but not in scope; perhaps add a `use` for it:
[INFO] [stdout]            `use rayon::iter::IntoParallelIterator;`
[INFO] [stdout] 
[INFO] [stdout] 
[INFO] [stdout] error[E0599]: no method named `into_par_iter` found for struct `std::ops::Range<usize>` in the current scope
[INFO] [stdout]    --> src/life.rs:125:14
[INFO] [stdout]     |
[INFO] [stdout] 125 |             .into_par_iter()
[INFO] [stdout]     |              ^^^^^^^^^^^^^ method not found in `std::ops::Range<usize>`
[INFO] [stdout]     |
[INFO] [stdout]     = help: items from traits can only be used if the trait is in scope
[INFO] [stdout]     = note: the following trait is implemented but not in scope; perhaps add a `use` for it:
[INFO] [stdout]             `use rayon::iter::IntoParallelIterator;`
[INFO] [stdout] 
[INFO] [stdout] 
[INFO] [stdout] error[E0599]: no method named `into_par_iter` found for struct `std::ops::Range<usize>` in the current scope
[INFO] [stdout]    --> src/life.rs:125:14
[INFO] [stdout]     |
[INFO] [stdout] 125 |             .into_par_iter()
[INFO] [stdout]     |              ^^^^^^^^^^^^^ method not found in `std::ops::Range<usize>`
[INFO] [stdout]     |
[INFO] [stdout]     = help: items from traits can only be used if the trait is in scope
[INFO] [stdout]     = note: the following trait is implemented but not in scope; perhaps add a `use` for it:
[INFO] [stdout]             `use rayon::iter::IntoParallelIterator;`
[INFO] [stdout] 
[INFO] [stdout] 
[INFO] [stdout] error: aborting due to 13 previous errors; 7 warnings emitted
[INFO] [stdout] 
[INFO] [stdout] 
[INFO] [stdout] Some errors have detailed explanations: E0308, E0424, E0432, E0560, E0599, E0615.
[INFO] [stdout] 
[INFO] [stdout] For more information about an error, try `rustc --explain E0308`.
[INFO] [stdout] 
[INFO] [stdout] error: aborting due to 13 previous errors; 7 warnings emitted
[INFO] [stdout] 
[INFO] [stdout] 
[INFO] [stdout] Some errors have detailed explanations: E0308, E0424, E0432, E0560, E0599, E0615.
[INFO] [stdout] 
[INFO] [stdout] For more information about an error, try `rustc --explain E0308`.
[INFO] [stdout] 
[INFO] [stderr] error: could not compile `parallel-conway`.
[INFO] [stderr] 
[INFO] [stderr] To learn more, run the command again with --verbose.
[INFO] [stderr] warning: build failed, waiting for other jobs to finish...
[INFO] [stderr] error: build failed
[INFO] running `Command { std: "docker" "inspect" "79cc39b42d039def4f06384913ae70249b400680f15c126487c08740fdea2717", kill_on_drop: false }`
[INFO] running `Command { std: "docker" "rm" "-f" "79cc39b42d039def4f06384913ae70249b400680f15c126487c08740fdea2717", kill_on_drop: false }`
[INFO] [stdout] 79cc39b42d039def4f06384913ae70249b400680f15c126487c08740fdea2717
